 the units digit of t?
3
Suppose 360 = -12*o + 4*o. Let c(l) = -17*l + 4. Let m be c(4). Let f = o - m. What is the units digit of f?
9
Suppose -3*l + 6 - 3 = -3*u, 2*l - 3*u - 4 = 0. Let d = 2 + l. What is the units digit of (-1)/3*-3*d?
1
Let c be (9/(-6))/(1/2). Let h(u) = u**2 + 3*u + 4. What is the units digit of h(c)?
4
Suppose h = -h + 4*z + 256, -500 = -4*h + 4*z. What is the units digit of h?
2
What is the tens digit of -1 - (-1)/(-1)*-18?
1
Suppose 2*c - v - 12 = 0, -2*c - v = -5*v. Let w = c + 26. What is the units digit of w?
4
Suppose s = -0*s + 2. Suppose g - s*g = -11. What is the tens digit of g?
1
Let w(c) = -c - 1. Let j be w(-2). Suppose 2*i + 2*v = 2, 0 = -4*i + 4*v - 2*v - 8. What is the units digit of j/i*2 - -6?
4
Suppose z - 3*y + 28 = 5*z, -20 = -5*y. Suppose z*i - 37 = 15. What is the units digit of i?
3
Suppose -194 = -l + 5*j, 0 = 2*l + 2*l + 3*j - 822. What is the tens digit of l?
0
Let k(z) = -z**2 + 5*z - 4. Suppose -4 = -3*b + 5. Let y be k(b). Suppose 8 = -y*p + 6*p. What is the units digit of p?
2
Suppose 3*f + 3*q = -2*q - 345, -2*q - 226 = 2*f. Let d = f + 165. What is the units digit of d?
5
Let m(z) = -z + 3. Let l be m(0). Suppose -l*u - 3*g = -42, -5 + 1 = -2*g. What is the units digit of u?
2
What is the tens digit of 83 - (-3 - -3) - (-4)/(-2)?
8
Let f(l) = -l - 1. Let g be f(-3). Suppose 3*r - g = r. What is the units digit of r*2/4*10?
5
Let p(z) be the third derivative of z**6/120 + 8*z**3/3 - 4*z**2. What is the units digit of p(0)?
6
Suppose 3*n + 6 = 27. Suppose 3*u = -5*w - n - 21, 5*w + 50 = -5*u. Let v = u + 16. What is the units digit of v?
5
Let p(b) = -2*b**3 - 6*b**2 - 4*b - 4. Let n be p(-4). Suppose n = 3*d - 40. What is the units digit of ((-18)/7)/((-6)/d)?
2
Suppose 5*d = -5, q + 4*d - 2*d - 2 = 0. What is the units digit of q?
4
Suppose -4*t = 5 - 13. Suppose -5*u = 5*m - 35, -26 = -4*u - t*m - 0*m. What is the units digit of u?
6
Let q(m) = -m**3 - 6*m**2 + 6*m - 7. Let s be q(-7). What is the units digit of (-3 - s - -25)/2?
1
Suppose 16*w = 6*w + 2890. What is the tens digit of w?
8
Suppose -5*y = 4*q + q - 10, -4*y + 16 = -4*q. Let s = 4 - y. Suppose -4*n + s = -3. What is the units digit of n?
1
Let h(y) = -y**2 - 8*y - 8. Let r be h(-6). Suppose r = i - 2*z - 14, 3*i - 4*z = 44. What is the units digit of (i/5)/(4/10)?
4
Let q(r) = -r**3 + 4*r**2 + 6*r. Let w(h) = h**3 + 2*h**2 - 10*h - 3. Let u be w(-4). What is the units digit of q(u)?
5
Suppose 4*a = 2*a + 66. What is the units digit of a?
3
Let t(l) = l + 5. Let c(u) = -u. Let h be c(6). Let q(a) = -a**2 - 6*a + 4. Let y be q(h). What is the units digit of t(y)?
9
Let z(b) = b**2 + 4*b. Let g(a) = -9*a**2 - 33*a. Let i(t) = -4*g(t) - 33*z(t). Suppose -2*h - 2 + 0 = 0. What is the units digit of i(h)?
3
Let y(c) = 3*c + 1. Let o be y(5). Let p(s) = -2*s + 12. Let v be p(5). Suppose -5*m - r + 13 = 0, v*m - 5*r = -0*m + o. What is the units digit of m?
3
Let m = 43 - 6. What is the tens digit of m?
3
Let u(c) be the first derivative of c**4/12 - c**3/6 - 3*c**2/2 - 1. Let x(d) be the second derivative of u(d). What is the units digit of x(5)?
9
Suppose -4*m + 236 = -3*n, -4*n = 3*m - n - 156. Let w = m - 35. What is the units digit of w?
1
Suppose -2*v - 89 = -5*k, 4*v + 42 + 3 = 3*k. Suppose 28 = 5*c + m, -5*c + k = -m - 13. What is the units digit of c?
6
Suppose 2*n - 4*y = 12, 4*n - 3*y - 12 + 3 = 0. Let x(v) = -v**3 - v**2 + 29. What is the units digit of x(n)?
9
Let v(i) = 16*i + 3. Let f(a) = a**2 - 3*a + 3. Let y be f(3). Let s be v(y). Suppose 4*q + 5 = 2*j + s, 5*q = 3*j + 60. What is the units digit of q?
9
Suppose n + 2*n - 77 = -5*z, -2*z = 5*n - 122. Let g = n + 23. What is the units digit of g?
7
Let a(t) = t**3 + 11*t**2 - 21*t - 3. What is the tens digit of a(-12)?
0
Let k be 3/2*(-20)/(-15). Suppose -2 = k*r - 5*t + 8, 3*t - 12 = 0. Suppose 4*h + r = 53. What is the tens digit of h?
1
Suppose -2*k = 14 - 4. Suppose 0 = 2*u - 29 + 11. Let j = k + u. What is the units digit of j?
4
Suppose -2*o - o = -24. What is the units digit of (0 + 1)*o + 1?
9
Suppose -7*b = -14*b + 1092. What is the units digit of b?
6
Suppose 3*b + 0*b = -6. Let x = b + 4. Suppose -2*l + 3 = -5*h - 25, x*l + 3*h - 12 = 0. What is the units digit of l?
9
Let l = 8 - 5. Suppose 0 = s + 2*c + 2, 0 = l*s - 5*c + c - 24. Suppose 44 = 4*v - 4*r, 0 = -v + 5*v + s*r - 44. What is the units digit of v?
1
Let k(o) = 58*o**2 - 3*o + 2. Let m be k(1). Let y = m + -33. What is the tens digit of y?
2
Let r(g) = -100*g. Let z be r(-2). Suppose 2*b - z = -5*i + 7*b, -156 = -4*i + 3*b. What is the units digit of i?
6
Suppose 0 = 8*r - 11*r + 45. What is the tens digit of r?
1
Let u = 518 + -237. What is the units digit of u?
1
What is the tens digit of ((-702)/(-91))/((-3)/(-14))?
3
Let t = 3 - -2. Suppose b + 0*b - t = 0. What is the units digit of b?
5
Let u(i) = i**2 - 11. What is the tens digit of u(-8)?
5
Suppose 3*d + 6 = 4*d. Let l(h) = h**2 - 2*h - 2. Let y be l(d). Suppose 2*r = -2 + y. What is the units digit of r?
0
Let j be -1 - ((-48)/(-3))/(-2). Suppose -25 = -2*p - j. What is the units digit of p?
9
What is the tens digit of ((-3 - 0) + 38)*(-1)/(-1)?
3
Let v = 95 + 41. What is the units digit of v?
6
Let v = -35 + 51. Suppose v = i + 3*i. Suppose 5*b + 4*f = 47, -i*b + 9 = -2*f - 13. What is the units digit of b?
7
Let h(p) = -8*p + 1. Let j be h(5). Let r = j - -56. What is the tens digit of r?
1
Let n = 15 - 2. Let g = n - 6. What is the units digit of g?
7
Suppose 0*g = -g + v + 40, 4*g = 5*v + 164. What is the units digit of g?
6
Suppose d - 24 = -2*k - d, 16 = 3*k - d. Let u = -5 + k. Suppose -4*l - 72 = -4*i, -3*i - u*l = -4*l - 51. What is the units digit of i?
5
Let l(i) = -6*i - 21. What is the units digit of l(-6)?
5
Suppose -2*c - 3 = -5*c, 151 = p + 4*c. What is the tens digit of p?
4
What is the tens digit of ((-356)/12)/((-3)/9)?
8
Let c(y) = y**3 - 7*y**2 + 11*y - 9. What is the units digit of c(6)?
1
Let u(x) = 4*x + 1. Suppose 6*j - 23 = 2*j + 3*o, j = 4*o + 9. What is the units digit of u(j)?
1
Let b = 8 - -33. What is the units digit of b?
1
Let d = 5 + -4. Let q = d - 0. What is the units digit of q?
1
Suppose -5*f + 2*f = 4*w - 700, 0 = 5*f - 2*w - 1132. What is the hundreds digit of f?
2
Suppose -2*l = -12 - 10. Suppose 0 = c + l + 4. Let a = c - -28. What is the tens digit of a?
1
Let x(p) = 16*p**2 - p. Suppose -a = 4*a + 5. What is the tens digit of x(a)?
1
Let h(l) = -l**2 - 14*l. Let t be (17/(-3) + 2)*3. What is the tens digit of h(t)?
3
What is the hundreds digit of ((-10)/(-5))/((-2)/(-180))?
1
Let g(z) = z - 4. Let v be g(3). Let t be (3/(-9))/(v/(-3)). Let w(k) = -8*k**3 - k**2. What is the units digit of w(t)?
7
Suppose 78 = -s + 3*s. What is the units digit of s?
9
Let f(y) = 2*y + 2*y - 3*y - 3. What is the units digit of f(4)?
1
Let l(x) = -x**3 + 7*x**2 + 3. Let y(j) = j - 6. Let u be y(13). What is the units digit of l(u)?
3
Let p(d) = d**2 + 2*d - 4. Let b be p(-4). Let z be 14/3 - (-3)/9. Suppose z*c - b*i = 43, -5*i - 41 = -5*c + 4. What is the units digit of c?
7
Suppose -2*v + 192 = -2*s, 4*v = 3*s + 242 + 143. What is the units digit of v?
7
Suppose -4*t - 79 = -5*d, 2*d = -d - t + 44. Suppose -2*a = a, 0 = n - 5*a - d. Suppose -r + o + 6 = 0, -5*o = 3*r + n - 1. What is the units digit of r?
2
Let q(p) = p**2 - 5*p. Let f be q(5). Suppose 6*k - 2*s = k, 4*s = 3*k. Suppose f = 4*u - 20 - k. What is the units digit of u?
5
Let g = 255 + -143. What is the units digit of g?
2
Let n be 3/(1 - -2) + 19. Suppose n*b - 22*b = -12. What is the units digit of b?
6
Suppose -8*v + 3*v + 175 = 2*j, -3*j + 290 = 2*v. What is the hundreds digit of j?
1
Suppose 4*r = r. Suppose -g + 1 + 2 = r. What is the units digit of g?
3
Suppose 0 = -2*m - v + 265, -4*v = -0*m + m - 122. What is the tens digit of m?
3
Suppose -5*y = -6*y + 19. What is the units digit of y?
9
Let h(c) = -16*c - 4 - c**2 + 7*c + 14*c. Suppose -2*a + 3*k + 31 = -2*k, a = -4*k - 17. What is the units digit of h(a)?
2
Let a(j) = 2*j**3 - 6*j**2 - j - 12. What is the tens digit of a(5)?
8
Let m = 11 + -5. Let l(c) = m*c + c**2 + 2*c**2 - 4*c. What is the units digit of l(-2)?
8
Let v = -6 + 8. Suppose v*l - 20 = -4. Suppose -48 = -l*b + 4*